7)/2 + p)*30/(-45). Suppose -1467 = -11*m - n. What are the prime factors of m?
2, 5, 13
Suppose -2400 = 4*z - 4*v, -15*z - 2*v - 1180 = -13*z. List the prime factors of 20/25*5 - z.
599
Let m(g) = -25171*g**3 - 27*g**2 - 17*g + 9. What are the prime factors of m(-1)?
2, 3, 5, 839
Let k(g) = -2*g**3 - 7*g**2 - 4*g + 3. Suppose 58*a - 20 = 62*a. List the prime factors of k(a).
2, 7
Let c be 5 + 99/55 + 8/(-10). Suppose 0 = -4*u - 2*h + 874, -3*u = -u + 2*h - 440. Suppose 119 = c*o - u. What are the prime factors of o?
2, 7
Let v(r) = r**3 - 6*r**2 + 5*r. Let h(w) = -w**2 + w. Let f(d) = 4*h(d) - v(d). Let o be f(2). Let y(g) = -5*g**3 - 2*g**2. List the prime factors of y(o).
2
Let p be (712/(-2))/((11/(-2))/11). Let y = p + -486. What are the prime factors of y?
2, 113
Let s = 70 + -49. List the prime factors of s/14*(-7310)/(-15).
17, 43
Let n be 23/6 - (-8)/48. Let o = n + -6. What are the prime factors of (-376)/o*((-5)/(-10))/1?
2, 47
Let s(n) = n**3 + 9*n**2 + 6*n - 10. Let c be s(-6). Let u = c - 57. List the prime factors of u.
5
Let a(n) = n**3 - n**2 - n. Let q(d) = d**3 - 9*d**2 + 9*d + 83. Let x(v) = -2*a(v) + q(v). List the prime factors of x(-13).
2, 3, 53
Let l be (2/(-6))/((-28)/(-8484)). Let j = l - -116. List the prime factors of j.
3, 5
Let r be 0*(4/(-10))/(8/10). Suppose 7*k - 29 + 15 = r. Suppose 2*f + 5*b - 50 = 40, 0 = -k*f + b + 102. List the prime factors of f.
2, 5
List the prime factors of (-24*(-78)/(-416))/(3/(-1940)).
2, 3, 5, 97
Let d = 278 - 110. Let z = 339 - d. List the prime factors of z.
3, 19
Let f = 54 - 3. Suppose -1215 + f = -6*r. Suppose -r = -n + 18. What are the prime factors of n?
2, 53
Let l be ((-5)/30)/((-1)/30). Suppose 2111 = l*d + c, -9*c = 2*d - 4*c - 849. List the prime factors of d.
2, 211
Suppose 0 = 5*s + 3307 - 11042. Suppose -5*z = -n - s, z - n = 3*n + 298. List the prime factors of z.
2, 5, 31
Let q be (-1)/((-80)/(-25) + -3) - 8. Let g(c) = -33*c + 116. List the prime factors of g(q).
5, 109
Let h(c) = -2*c**2 - 81*c + 508. Let y be h(-46). Let z(s) = -s**3 + 5*s**2 - 5*s + 2. Let g be z(3). List the prime factors of 166 - (g + -3 + y).
2, 3
Suppose 0 = 462*g - 459*g - 2520. What are the prime factors of g?
2, 3, 5, 7
Suppose -q + 179 = 4*h + h, -4*q - 54 = -2*h. What are the prime factors of 3238/14 + (95/h - 3)?
3, 7, 11
Let f be (-2)/1 - -2 - -334. Let u be (-1*8 - -2) + (3 - -603). Let w = u - f. What are the prime factors of w?
2, 7, 19
Suppose 2*c = 1 - 7. Let a be (c - 19/(-5))/(2/10). Suppose a*d + 2*d = 468. List the prime factors of d.
2, 3, 13
Let w(l) = -2*l**3 + 13*l**2 + 25*l - 19. Let g be w(8). Let d(y) = y**2 - 14*y - 60. What are the prime factors of d(g)?
5, 43
Let v(q) be the second derivative of -q**4/6 - q**3/2 + q**2/2 - 23*q. Let x be v(2). Let a(b) = b**3 + 15*b**2 + 15*b + 10. List the prime factors of a(x).
3, 17
Let m be 3/(0 - -3 - 2). What are the prime factors of (-1 + m/(-9))/((-1)/105)?
2, 5, 7
Let y(j) = -985*j - 64. List the prime factors of y(-7).
3, 11, 23
Suppose -103*u + 107*u = 4*b - 57240, 14322 = b + 3*u. What are the prime factors of b?
3, 13, 367
Suppose -39*y = -939088 + 340750. What are the prime factors of y?
2, 3, 2557
Let c(s) = 8*s**2 - 57*s - 17. Let v(b) = -7*b**2 + 55*b + 17. Let a(g) = 6*c(g) + 7*v(g). What are the prime factors of a(29)?
3, 47
Let q(s) = 560*s - 836*s + 5 + 896*s. List the prime factors of q(1).
5
Let w(g) = -6*g**3 + 9*g**2 + 31*g - 8. Let r be w(-6). Let s = r + -683. List the prime factors of s.
743
Suppose 737*q - 382*q + 1421784 = 381*q. List the prime factors of q.
2, 3, 7, 31
List the prime factors of ((-166)/(-249))/((-4)/(-40830)).
5, 1361
Let k be -2 - -50 - 6/6. Let y = k - 62. What are the prime factors of -2*y/10 + 61*1?
2
Let d be 9/27 - 16/(-6). Suppose g + 110 + 16 = -2*r, -3*r + d*g - 171 = 0. Let k = r - -134. What are the prime factors of k?
73
Suppose -196 = l - 212. Suppose -l*q + 16300 = 4*q. What are the prime factors of q?
5, 163
Let p(s) = -86*s - 52. Let a be -11 + (2 - (3/(-3))/1). Let y be p(a). Suppose -11*i + y = -7*i. What are the prime factors of i?
3, 53
Let g be (-5 - 1)*70/3. Let l = g - -65. List the prime factors of (80/(-25))/(2/l).
2, 3, 5
Let q(i) = -4*i**3 - 78*i**2 + 17*i + 41. List the prime factors of q(-23).
2, 3, 7
Let t = -10421 + 19510. What are the prime factors of t?
61, 149
Suppose 14 = 2*d + 66. Let s(w) = -53*w - 167. What are the prime factors of s(d)?
7, 173
Let y(r) = -3 + 6 - 7 + 19*r - 14. Let n(t) = -20*t + 17. Let l(m) = -3*n(m) - 2*y(m). What are the prime factors of l(6)?
3, 13
Let n = 6011 - 5910. What are the prime factors of n?
101
Let v be (-4)/10 + ((-160)/(-25) - 6). Suppose v = 5*k - 448 - 1267. List the prime factors of k.
7
Suppose 1183*r - 184884 = 1169*r. List the prime factors of r.
2, 3, 31, 71
Suppose 51*b = 95464 + 146378. Suppose -2653 = -4*r + d + 2088, -4*r + 2*d = -b. List the prime factors of r.
3, 5, 79
Let m(x) = x**2 + 76*x - 35. What are the prime factors of m(21)?
2, 7, 11, 13
Let x be (-6)/24*-2*7020. List the prime factors of (-3*(-28)/105)/(4/x).
2, 3, 13
Suppose -2*s + 322 = 12*s. Suppose 0 = 3*k + s - 26, 2*d = k + 915. List the prime factors of d.
2, 229
Let t = 54 - 54. Suppose -4*r - 3*k + 30 = t, -k + 5*k = 4*r - 16. Suppose -10*v + r*v = -396. List the prime factors of v.
3, 11
Suppose -130*m + 2356205 + 985212 = 844897. List the prime factors of m.
2, 4801
Let t = -5673 + 38600. List the prime factors of t.
19, 1733
Let g = 159 + -157. Let k be 1/(-2) + (-372)/(-8). Suppose -k = -g*b + 8*p - 4*p, -5*p = -4*b + 98. List the prime factors of b.
3
Let n(k) = -97*k**3 + k**2 - k - 2. What are the prime factors of n(-2)?
2, 3, 5, 13
Let f(g) = g**2 - 12*g + 22. Let i be f(11). Let t(a) = 5*a + i*a**2 + 4*a - 3*a + 0*a + 10. What are the prime factors of t(-3)?
7, 13
Suppose 0*l - 4*l = 5*b - 80, -10 = -2*l. Let i be ((-21)/12 + 2)*b. What are the prime factors of (-231)/(-6) + i/2?
2, 5
Suppose -57182 = -4*x - 253*v + 255*v, -2*v = -8*x + 114358. List the prime factors of x.
2, 7, 1021
Let o(d) be the second derivative of d**5/20 - d**4 + 11*d**3/2 + 3*d**2 - 40*d. List the prime factors of o(11).
2, 31
Let x = 3978 - 2410. What are the prime factors of x?
2, 7
Let w = 1246 + 2893. What are the prime factors of w?
4139
Let h(o) = -37*o**3 + 2*o**2 + 5*o - 8. Let g(d) = -18*d**3 + d**2 + 3*d - 4. Let y(s) = -7*g(s) + 3*h(s). What are the prime factors of y(2)?
2, 3
Suppose 15 = -3*o, 4*l - 6775 = 3*o + 8020. List the prime factors of l.
5, 739
Suppose -2960 = 17*q - 9*q. Let t = 736 + q. What are the prime factors of t?
2, 3, 61
Let g(y) = 12*y**2 + 47*y + 7. Let h = -24 - -32. List the prime factors of g(h).
1151
Let y = 26 + -3. Let g = 40 - y. Let k = g - -32. List the prime factors of k.
7
List the prime factors of (-10 - -3) + 5127 + (-7)/((-28)/(-16)).
2, 1279
Suppose -5*g - 27259 - 11252 = -3*b, -3*g = -4*b + 23100. Let q be (15 + (-870)/70)*35. List the prime factors of g/q*5/(-2).
2, 107
Suppose 9*c - 13*c + 4*o + 217296 = 0, 0 = 5*c - 2*o - 271620. What are the prime factors of c?
2, 3, 503
Suppose 21*x = 9*x + 24. Suppose 5*r - x*s = 3109, -2*r = -6*s + s - 1252. What are the prime factors of r?
3, 23
Suppose -5*m + 299 = 279. Suppose 5*j + 1162 = m*u, -j - 2*j = -2*u + 582. List the prime factors of u.
2, 3
Let b = -22 + 109. Let i = b + -71. Suppose -i = -4*j + 256. List the prime factors of j.
2, 17
Let x = 72 + 171. Suppose 235*a - x*a = -6544. What are the prime factors of a?
2, 409
Suppose -6 = -3*n, -3*h + 7*n - 9*n = -1. Let b be h/1 + -1 + (-936)/(-9). Let u = 323 - b. What are the prime factors of u?
13, 17
Let i(a) = 491*a**2 - 5*a - 1. Let l be (15/(-60))/((-1)/(-4)). What are the prime factors of i(l)?
3, 5, 11
Let b be (-6)/(-27) - (-16)/(-72). Let u be 6 - 8 - (-16 - b). Suppose -h = -u - 18. What are the prime factors of h?
2
Let l be 2378/(-10) - (-5)/(25/(-1)). Let d = -193 - l. List the prime factors of d.
3, 5
Let m(j) = 2*j**2 - 7*j - 39. Let g be m(10). Suppose 0 = 4*d - 5*q - 336, 5*d + 3*q = 6*d - g. List the prime factors of d.
79
Let s = -1782 - -2872. Suppose -s = -4*k + 1790. List the prime factors of k.
2, 3, 5
Let y be 1/(3/27) - 4. Suppose -q = 2*p + 400 - 1469, q + y*p - 1075 